+ 162 = 77*l. What is the greatest common factor of 18669 and l?
147
Let b be (-6)/(-27) + (-25)/(-9). Let q = b - -14. Suppose -4 = 3*o - 13, w - 5*o - q = 0. What is the highest common divisor of 4 and w?
4
Suppose -43 - 7 = -10*b. Suppose -b*m = 279 - 329. Calculate the highest common factor of m and 50.
10
Let r = 1273 + 1322. Calculate the highest common factor of 346 and r.
173
Let h(d) = d**3 - 3*d**2 + 3*d - 2. Let m be h(2). Suppose m = 4*f - 128 - 176. Calculate the highest common factor of f and 19.
19
Let b be (896/512)/(1/24). Calculate the greatest common factor of 70 and b.
14
Let r(t) = -33*t - 1209. Let j be r(-43). What is the greatest common divisor of j and 66?
6
Suppose 0 = -108*o + 733665 + 35187. Calculate the greatest common factor of 105 and o.
21
Let x = 17000 + -14990. Calculate the highest common divisor of 30 and x.
30
Suppose 4*y = 2*y + 2*s + 38, -s = -3*y + 47. Let z be 364/(-6)*-6*6/y. Calculate the greatest common factor of z and 26.
26
Suppose -6*h = 3*m - 3*h - 597, -4*h + 999 = 5*m. Suppose -o + m = 3*l + 2*l, 3*l = 3*o - 609. What is the highest common divisor of o and 7?
7
Suppose -27*v = -2*v - 20591 + 3041. Calculate the highest common factor of 486 and v.
54
Suppose 5*a = -4*p + 100652, -72*a + 77*a - 2*p = 100634. Calculate the highest common divisor of a and 37.
37
Let b(j) = 12*j + 79. Let t(x) = -25*x - 157. Let p(o) = 9*b(o) + 4*t(o). Let u be p(29). Calculate the highest common factor of u and 45.
45
Let x = 49335 + -30627. What is the greatest common factor of 12 and x?
12
Let i be (-2)/3*((2 - 41) + 3). Suppose -j = -i - 16. Let w(a) = -3*a**3 - 2*a**2 - 3. Let t be w(-3). What is the greatest common divisor of t and j?
20
Suppose 3*f - 216 = -9*f. Suppose -c - 28 = -0*c. Let x = c - -64. Calculate the greatest common factor of x and f.
18
Let i(d) = 13*d**3 + 7*d**2 - 10*d - 1. Let k be i(3). Let l = k + -348. What is the greatest common divisor of l and 5?
5
Let l(j) = j**2 - 3*j - 33. Let m be l(8). Let i(d) = -9 - m*d - 25 + 19 + 2*d**2. Let o be i(6). What is the greatest common factor of 105 and o?
15
Suppose -g = -2*s - 180, 173 = -3*s + g - 97. Let c be 6/(-9)*3 - s. Calculate the highest common factor of c and 88.
88
Suppose r - 5*j - 248 = -65, 0 = -2*r - 5*j + 351. Suppose r*m = 162*m + 208. What is the highest common divisor of m and 91?
13
Suppose 0 = 21*o - 16*o + 28*o - 2970. Calculate the highest common factor of o and 255.
15
Let r = -171160 + 171214. Suppose 378 = 4*k - k. Calculate the highest common divisor of r and k.
18
Let r(i) = -i**2 + 21*i + 95. Let f be r(25). Let h be 293/1 + f - -2. Calculate the highest common divisor of h and 29.
29
Let m = 4056 + -3946. What is the greatest common divisor of m and 1485?
55
Suppose 3*g = 4*g - 132. Let j be 440/((-80)/4)*(-18)/4. What is the highest common divisor of g and j?
33
Suppose -218 = -2*f - 2*s, 2*f + 127 = 3*f - 5*s. Let x(d) = 29*d**2 + 149*d + 90. Let k be x(-5). Calculate the highest common factor of k and f.
14
Suppose -2*j - 3*i = 1138, 13*i - 11*i - 8 = 0. Let w = -547 - j. Calculate the greatest common factor of 812 and w.
28
Let s(z) = z**3 + 162*z**2 + 1212*z + 649. Let y be s(-154). What is the highest common factor of y and 33?
33
Let o(r) = r**3 + 17*r**2 + 63*r + 14. Let w be o(-9). What is the greatest common factor of 437 and w?
19
Let m(u) = 5*u**2 - 5*u + 5. Let f be m(2). Let o(v) = 9*v**2 - 3*v + 16. Let c be o(4). Let i = c + -73. Calculate the highest common divisor of f and i.
15
Let w(y) = -y**3 - 4*y**2 + 5*y - 2. Let q be w(-5). Let p be (33/(-5))/(33/110). Let i be 1/q*p/1. What is the highest common factor of i and 44?
11
Suppose -145*h + 8331 = -224. Suppose 2*o - 946 = -s, -3*o + 2*s = 3*s - 1418. What is the highest common divisor of o and h?
59
Let w be ((-16)/6)/((-2)/15). Suppose -244 = -3*j + 356. Suppose 34*n + j = 35*n. What is the greatest common divisor of n and w?
20
Let c be (-19)/(-4) + (-21)/12. Suppose 53 = g - c*r - 12, 3*r + 233 = 4*g. What is the greatest common factor of g and 88?
8
Let f(a) = a**2 - 75*a + 836. Let w be f(10). What is the greatest common divisor of 18 and w?
6
Suppose 0 = -26*l - 11*l + 7659. Let d be ((-15)/(-60) + l/4)*4. What is the highest common factor of 16 and d?
16
Let c(i) = 5*i**3 - i**2 - i + 2. Let g be c(2). Let x = -148 - -129. Let f = 23 + x. What is the greatest common factor of f and g?
4
Suppose 3*l = z - 3*z + 6, -37 = -5*z - 2*l. Suppose 17 = -3*y + 8. Let r be (-2)/y - (-295)/3. What is the greatest common divisor of z and r?
9
Let r be (4 - 3)/((-1)/10). Let t be (-160)/(-12)*(-108)/r. Let v = 21 - 12. What is the highest common factor of v and t?
9
Let a(k) = k**3 - 5*k**2 + 5. Let y be a(5). Suppose 21*w + 2160 - 2008 = 173*w. Calculate the highest common factor of w and y.
1
Let v be (-10)/15 - (-75)/(-9). Let w be (2 + -3)/(v/1386). Let m = 140 - 126. What is the greatest common factor of w and m?
14
Suppose 4*u + 18 = d, -2*u - 18 + 2 = -4*d. Let l be ((-228)/8)/(-19) + 301/d. What is the highest common divisor of l and 16?
8
Let p(w) = -38*w**3 - 2*w**2 - 23*w - 21. Let y be p(-1). What is the highest common divisor of 4997 and y?
19
Let q(z) = z**3 + 6*z**2 + 2*z + 6. Let k be q(-5). Suppose -5*j + k = -9. Suppose -8*t + 144 = 24. What is the highest common divisor of j and t?
3
Suppose -396 = 3*l - 25*l. Let q = l + 6. What is the greatest common divisor of 252 and q?
12
Let y = 80 - 80. Suppose 5*j - 3*h - 69 = 0, y*j + 7 = j - 4*h. Suppose -g + 4*g = -3*l + 312, 4*l + 214 = 2*g. Calculate the highest common factor of j and g.
15
Let m be 26*(3 - -2)/5. Suppose -b = z - 751, 0 = 5*b + 8 + 7. Calculate the highest common divisor of z and m.
26
Suppose 4*y - 12 = -28. Let o be ((-52)/y)/((-8)/(-80)). Calculate the highest common factor of o and 52.
26
Suppose -5*u - 5*v + 495 = 0, 2*u = 3*v - 0*v + 203. Let y(p) = -p**3 - 3*p**2 - p - 15. Let c be y(-5). Calculate the greatest common factor of u and c.
20
Suppose 3*h + 308 = 7*h + 4*c, 5*c - 101 = -h. What is the highest common divisor of h and 12567?
71
Let w(j) = 229*j - 548. Let n be w(6). What is the greatest common factor of 14 and n?
14
Let x(b) = b**3 - 5*b**2 - 2*b - 6. Let p be x(5). Let h be 4 + (-37)/(-2)*(20 + p). What is the highest common divisor of h and 13?
13
Suppose -64 = 4*h - 8*h - 3*i, 2*h = 5*i + 6. Suppose 80*o - 84*o = 4*p - 116, 0 = 4*o - 12. What is the greatest common divisor of p and h?
13
Suppose 3*n - 23 = -5*w + 313, -560 = -5*n - 2*w. Let p = 86 + -84. Suppose -u + p*u = 14. What is the highest common factor of n and u?
14
Suppose -4*a + 1432 = 2*i, 5*i - a = 2*a + 3632. Calculate the highest common factor of 12 and i.
4
Suppose -748 = -4*n + t, 398*n = 403*n - 4*t - 957. What is the highest common divisor of 1517 and n?
37
Let i(x) = -x**3 + 52*x**2 + 154*x + 650. Let s be i(55). What is the greatest common factor of 325 and s?
5
Let u = -24742 + 26462. What is the greatest common divisor of 1000 and u?
40
Suppose 637 = 5*i - 213. Suppose i = 5*c + r, 20 + 8 = c - r. Suppose -2*a + 3*p + 12 = 0, -14*a - 5*p = -14*a. Calculate the greatest common factor of c and a.
3
Let p = -229 - -258. Let t be -2 + (-2)/(-4)*4. Suppose 4*m + 5*a = 110, m + a + a - p = t. Calculate the highest common divisor of 75 and m.
25
Let v = -35778 + 36016. Suppose u + u - 28 = 0. What is the highest common divisor of v and u?
14
Let b be 7/2*36/(-7)*-1. Suppose -b - 22 = -2*n - 4*d, 0 = -2*n + 3*d + 5. What is the highest common factor of n and 870?
10
Let j = -34 + 55. Suppose -u + 702 = -4*k, 4*u = -4*k + 110 - 822. Let y = 386 + k. What is the highest common divisor of y and j?
21
Suppose 0 = -521*n + 534*n - 1300. What is the highest common divisor of 650 and n?
50
Let o(k) be the first derivative of -5*k + 1 - 4 + 2 - 5*k + 19*k**2. Let v be o(5). What is the greatest common factor of v and 72?
36
Let x be 1172 - (-17)/((-272)/(-80)). Calculate the highest common factor of 66 and x.
11
Suppose -g = g - 48. Let t(k) = 2*k + 106. Let j be t(-51). Suppose -8*b + 12*b = j*u - 76, -5*u + 2*b = -110. Calculate the highest common divisor of g and u.
24
Suppose -5*m + 22 = 2*c, 5*m - c - c = 18. Suppose w = 3, -m*d + 2*d - 3*w = -13. What is the highest common factor 